{"id":2894,"date":"2025-07-25T10:26:50","date_gmt":"2025-07-25T10:26:50","guid":{"rendered":"https:\/\/remal.world\/?page_id=2894"},"modified":"2025-11-25T11:47:29","modified_gmt":"2025-11-25T11:47:29","slug":"250725-imprint","status":"publish","type":"page","link":"https:\/\/remal.world\/index.php\/250725-imprint\/","title":{"rendered":"250725 &#8211; Imprint"},"content":{"rendered":"\t\t<div data-elementor-type=\"wp-page\" data-elementor-id=\"2894\" class=\"elementor elementor-2894\" data-elementor-post-type=\"page\">\n\t\t\t\t\t\t<section class=\"elementor-section elementor-top-section elementor-element elementor-element-a49bf90 elementor-section-boxed elementor-section-height-default elementor-section-height-default\" data-id=\"a49bf90\" data-element_type=\"section\" data-e-type=\"section\" data-settings=\"{&quot;background_background&quot;:&quot;classic&quot;}\">\n\t\t\t\t\t\t<div class=\"elementor-container elementor-column-gap-default\">\n\t\t\t\t\t<div class=\"elementor-column elementor-col-100 elementor-top-column elementor-element elementor-element-6b4b323\" data-id=\"6b4b323\" data-element_type=\"column\" data-e-type=\"column\">\n\t\t\t<div class=\"elementor-widget-wrap elementor-element-populated\">\n\t\t\t\t\t\t<div class=\"elementor-element elementor-element-aeb1754 elementor-widget elementor-widget-spacer\" data-id=\"aeb1754\" data-element_type=\"widget\" data-e-type=\"widget\" data-widget_type=\"spacer.default\">\n\t\t\t\t<div class=\"elementor-widget-container\">\n\t\t\t\t\t\t\t<div class=\"elementor-spacer\">\n\t\t\t<div class=\"elementor-spacer-inner\"><\/div>\n\t\t<\/div>\n\t\t\t\t\t\t<\/div>\n\t\t\t\t<\/div>\n\t\t\t\t<div class=\"elementor-element elementor-element-32254e4 elementor-widget__width-initial elementor-widget-tablet__width-initial elementor-widget elementor-widget-heading\" data-id=\"32254e4\" data-element_type=\"widget\" data-e-type=\"widget\" data-widget_type=\"heading.default\">\n\t\t\t\t<div class=\"elementor-widget-container\">\n\t\t\t\t\t<h2 class=\"elementor-heading-title elementor-size-default\">Imprint<\/h2>\t\t\t\t<\/div>\n\t\t\t\t<\/div>\n\t\t\t\t<div class=\"elementor-element elementor-element-42fa04c elementor-widget elementor-widget-spacer\" data-id=\"42fa04c\" data-element_type=\"widget\" data-e-type=\"widget\" data-widget_type=\"spacer.default\">\n\t\t\t\t<div class=\"elementor-widget-container\">\n\t\t\t\t\t\t\t<div class=\"elementor-spacer\">\n\t\t\t<div class=\"elementor-spacer-inner\"><\/div>\n\t\t<\/div>\n\t\t\t\t\t\t<\/div>\n\t\t\t\t<\/div>\n\t\t\t\t<div class=\"elementor-element elementor-element-3dff846 elementor-widget elementor-widget-text-editor\" data-id=\"3dff846\" data-element_type=\"widget\" data-e-type=\"widget\" data-widget_type=\"text-editor.default\">\n\t\t\t\t<div class=\"elementor-widget-container\">\n\t\t\t\t\t\t\t\t\t<div>\n<p><b>Habitat Unit<br><\/b>Chair of International Urbanism and Design<br>Prof. Dr. Philipp Misselwitz&nbsp;<\/p>\n<p>Institute for Architecture<br>Office A 53, Technische Universit\u00e4t Berlin<br>Strasse des 17. Juni 152, 10623 Berlin<\/p>\n<\/div>\n<div>\n<p>T &nbsp;+49\u201330\u2013314\u201321908<br>F &nbsp;+49\u201330\u2013314\u201321907<\/p>\n<p><a title=\"Email to Habitat Unit\" href=\"mailto:habitat.unit@tu-berlin.de\" target=\"_blank\" rel=\"noopener\">habitat.unit@tu-berlin.de<br><\/a><a href=\"https:\/\/habitat-unit.de\/\">www.habitat-unit.de<\/a><\/p>\n<\/div>\n<p><b>Content<\/b><br><a href=\"https:\/\/habitat-unit.de\/en\/team\/dr-oliver-lah\/\">Prof. Dr. Oliver Lah<\/a><\/p>\n<p><b>DISCLAIMER<\/b><\/p>\n<p>1. Content<br>The author reserves the right not to be responsible for the topicality, correctness, completeness, or quality of the information provided. Liability claims regarding damage caused by the use of any information provided, including any kind of information that is incomplete or incorrect, will therefore be rejected.<\/p>\n<p>All offers are not-binding and without obligation. Parts of the pages or the complete publication, including all offers and information, might be extended, changed, or partly or completely deleted by the author without separate announcement.<\/p>\n<p>2. Referrals and links<br>The author is not responsible for any contents linked or referred to from his pages\u2014unless they have full knowledge of illegal content and would be able to prevent the visitors of his site from viewing those pages. If any damage occurs by the use of information presented there, only the author of the respective pages might be liable, not the one who has linked to these pages. Furthermore the author is not liable for any postings or messages published by users of discussion boards, guestbooks or mailinglists provided on his page.<\/p>\n<p>3. Copyright<br>The author intends not to use any copyrighted material for publication or, if not possible, to indicate the copyright of the respective object.<\/p>\n<p>The copyright for any material created by the author is reserved. Any duplication or use of objects such as images, diagrams, sounds, or texts in other electronic or printed publications is not permitted without the author\u2019s agreement.<\/p>\n<p>4. Privacy policy<br>If the opportunity for the input of personal or business data (email addresses, names, addresses) is given, the input of these data takes place voluntarily. The use and payment of all offered services are permitted\u2014if and insofar as technically possible and reasonable\u2014without specification of any personal data or under specification of anonymised data or an alias. The use of published postal addresses, telephone or fax numbers, and email addresses for marketing purposes is prohibited. Offenders sending unwanted spam messages will be prosecuted.<\/p>\n<p>5. Legal validity of this disclaimer<br>This disclaimer is to be regarded as part of the internet publication from which you were referred. If sections or individual terms of this statement are not legal or correct, the content and validity of the remaining parts remain uninfluenced by this fact.<\/p>\n<p><b>HAFTUNGSAUSSCHLUSS<\/b><\/p>\n<p>1. Inhalt des Onlineangebotes<br>Der Autor \u00fcbernimmt keinerlei Gew\u00e4hr f\u00fcr die Aktualit\u00e4t, Korrektheit, Vollst\u00e4ndigkeit oder Qualit\u00e4t der bereitgestellten Informationen. Haftungsanspr\u00fcche gegen den Autor, welche sich auf Sch\u00e4den materieller oder ideeller Art beziehen, die durch die Nutzung oder Nichtnutzung der dargebotenen Informationen bzw. durch die Nutzung fehlerhafter und unvollst\u00e4ndiger Informationen verursacht wurden, sind grunds\u00e4tzlich ausgeschlossen, sofern seitens des Autors kein nachweislich vors\u00e4tzliches oder grob fahrl\u00e4ssiges Verschulden vorliegt. Alle Angebote sind freibleibend und unverbindlich. Der Autor beh\u00e4lt es sich ausdr\u00fccklich vor, Teile der Seiten oder das gesamte Angebot ohne gesonderte Ank\u00fcndigung zu ver\u00e4ndern, zu erg\u00e4nzen, zu l\u00f6schen oder die Ver\u00f6ffentlichung zeitweise oder endg\u00fcltig einzustellen.<\/p>\n<p>2. Verweise und Links<br>Bei direkten oder indirekten Verweisen auf fremde Webseiten (\u201cHyperlinks\u201d), die au\u00dferhalb des Verantwortungsbereiches des Autors liegen, w\u00fcrde eine Haftungsverpflichtung ausschlie\u00dflich in dem Fall in Kraft treten, in dem der Autor von den Inhalten Kenntnis hat und es ihm technisch m\u00f6glich und zumutbar w\u00e4re, die Nutzung im Falle rechtswidriger Inhalte zu verhindern.<\/p>\n<p>Der Autor erkl\u00e4rt hiermit ausdr\u00fccklich, dass zum Zeitpunkt der Linksetzung keine illegalen Inhalte auf den zu verlinkenden Seiten erkennbar waren. Auf die aktuelle und zuk\u00fcnftige Gestaltung, die Inhalte oder die Urheberschaft der verlinkten\/verkn\u00fcpften Seiten hat der Autor keinerlei Einfluss. Deshalb distanziert er sich hiermit ausdr\u00fccklich von allen Inhalten aller verlinkten \/verkn\u00fcpften Seiten, die nach der Linksetzung ver\u00e4ndert wurden. Diese Feststellung gilt f\u00fcr alle innerhalb des eigenen Internetangebotes gesetzten Links und Verweise sowie f\u00fcr Fremdeintr\u00e4ge in vom Autor eingerichteten G\u00e4steb\u00fcchern, Diskussionsforen, Linkverzeichnissen, Mailinglisten und in allen anderen Formen von Datenbanken, auf deren Inhalt externe Schreibzugriffe m\u00f6glich sind. F\u00fcr illegale, fehlerhafte oder unvollst\u00e4ndige Inhalte und insbesondere f\u00fcr Sch\u00e4den, die aus der Nutzung oder Nichtnutzung solcherart dargebotener Informationen entstehen, haftet allein der Anbieter der Seite, auf welche verwiesen wurde, nicht derjenige, der \u00fcber Links auf die jeweilige Ver\u00f6ffentlichung lediglich verweist.<\/p>\n<p>3. Urheber- und Kennzeichenrecht<br>Der Autor ist bestrebt, in allen Publikationen die Urheberrechte der verwendeten Bilder, Grafiken, Tondokumente, Videosequenzen und Texte zu beachten, von ihm selbst erstellte Bilder, Grafiken, Tondokumente, Videosequenzen und Texte zu nutzen oder auf lizenzfreie Grafiken, Tondokumente, Videosequenzen und Texte zur\u00fcckzugreifen.<\/p>\n<p>Alle innerhalb des Internetangebotes genannten und ggf. durch Dritte gesch\u00fctzten Marken- und Warenzeichen unterliegen uneingeschr\u00e4nkt den Bestimmungen des jeweils g\u00fcltigen Kennzeichenrechts und den Besitzrechten der jeweiligen eingetragenen Eigent\u00fcmer. Allein aufgrund der blo\u00dfen Nennung ist nicht der Schluss zu ziehen, dass Markenzeichen nicht durch Rechte Dritter gesch\u00fctzt sind! Das Copyright f\u00fcr ver\u00f6ffentlichte, vom Autor selbst erstellte Objekte bleibt allein beim Autor der Seiten. Eine Vervielf\u00e4ltigung oder Verwendung solcher Grafiken, Tondokumente, Videosequenzen und Texte in anderen elektronischen oder gedruckten Publikationen ist ohne ausdr\u00fcckliche Zustimmung des Autors nicht gestattet.<\/p>\n<p>4. Datenschutz<br>Sofern innerhalb des Internetangebotes die M\u00f6glichkeit zur Eingabe pers\u00f6nlicher oder gesch\u00e4ftlicher Daten (Emailadressen, Namen, Anschriften) besteht, so erfolgt die Preisgabe dieser Daten seitens des Nutzers auf ausdr\u00fccklich freiwilliger Basis. Die Inanspruchnahme und Bezahlung aller angebotenen Dienste ist \u2013 soweit technisch m\u00f6glich und zumutbar \u2013 auch ohne Angabe solcher Daten bzw. unter Angabe anonymisierter Daten oder eines Pseudonyms gestattet. Die Nutzung der im Rahmen des Impressums oder vergleichbarer Angaben ver\u00f6ffentlichten Kontaktdaten wie Postanschriften, Telefon- und Faxnummern sowie Emailadressen durch Dritte zur \u00dcbersendung von nicht ausdr\u00fccklich angeforderten Informationen ist nicht gestattet. Rechtliche Schritte gegen die Versender von sogenannten Spam-Mails bei Verst\u00f6ssen gegen dieses Verbot sind ausdr\u00fccklich vorbehalten.<\/p>\n<p>5. Rechtswirksamkeit dieses Haftungsausschlusses<br>Dieser Haftungsausschluss ist als Teil des Internetangebotes zu betrachten, von dem aus auf diese Seite verwiesen wurde. Sofern Teile oder einzelne Formulierungen dieses Textes der geltenden Rechtslage nicht, nicht mehr oder nicht vollst\u00e4ndig entsprechen sollten, bleiben die \u00fcbrigen Teile des Dokumentes in ihrem Inhalt und ihrer G\u00fcltigkeit davon unber\u00fchrt.<\/p>\t\t\t\t\t\t\t\t<\/div>\n\t\t\t\t<\/div>\n\t\t\t\t\t<\/div>\n\t\t<\/div>\n\t\t\t\t\t<\/div>\n\t\t<\/section>\n\t\t\t\t<\/div>\n\t\t","protected":false},"excerpt":{"rendered":"<p>Imprint Habitat UnitChair of International Urbanism and DesignProf. Dr. Philipp Misselwitz&nbsp; Institute for ArchitectureOffice A 53, Technische Universit\u00e4t BerlinStrasse des 17. Juni 152, 10623 Berlin T &nbsp;+49\u201330\u2013314\u201321908F &nbsp;+49\u201330\u2013314\u201321907 habitat.unit@tu-berlin.dewww.habitat-unit.de ContentProf. Dr. Oliver Lah DISCLAIMER 1. ContentThe author reserves the right not to be responsible for the topicality, correctness, completeness, or quality of the information provided. [&hellip;]<\/p>\n","protected":false},"author":7,"featured_media":0,"parent":0,"menu_order":0,"comment_status":"closed","ping_status":"closed","template":"","meta":{"_acf_changed":false,"footnotes":""},"class_list":["post-2894","page","type-page","status-publish","hentry"],"acf":[],"rttpg_featured_image_url":null,"rttpg_author":{"display_name":"Gaoli Xiao","author_link":"https:\/\/remal.world\/index.php\/author\/gaoli-xiao\/"},"rttpg_comment":0,"rttpg_category":null,"rttpg_excerpt":"Imprint Habitat UnitChair of International Urbanism and DesignProf. Dr. Philipp Misselwitz&nbsp; Institute for ArchitectureOffice A 53, Technische Universit\u00e4t BerlinStrasse des 17. Juni 152, 10623 Berlin T &nbsp;+49\u201330\u2013314\u201321908F &nbsp;+49\u201330\u2013314\u201321907 habitat.unit@tu-berlin.dewww.habitat-unit.de ContentProf. Dr. Oliver Lah DISCLAIMER 1. ContentThe author reserves the right not to be responsible for the topicality, correctness, completeness, or quality of the information provided.&hellip;","_links":{"self":[{"href":"https:\/\/remal.world\/index.php\/wp-json\/wp\/v2\/pages\/2894","targetHints":{"allow":["GET"]}}],"collection":[{"href":"https:\/\/remal.world\/index.php\/wp-json\/wp\/v2\/pages"}],"about":[{"href":"https:\/\/remal.world\/index.php\/wp-json\/wp\/v2\/types\/page"}],"author":[{"embeddable":true,"href":"https:\/\/remal.world\/index.php\/wp-json\/wp\/v2\/users\/7"}],"replies":[{"embeddable":true,"href":"https:\/\/remal.world\/index.php\/wp-json\/wp\/v2\/comments?post=2894"}],"version-history":[{"count":31,"href":"https:\/\/remal.world\/index.php\/wp-json\/wp\/v2\/pages\/2894\/revisions"}],"predecessor-version":[{"id":4137,"href":"https:\/\/remal.world\/index.php\/wp-json\/wp\/v2\/pages\/2894\/revisions\/4137"}],"wp:attachment":[{"href":"https:\/\/remal.world\/index.php\/wp-json\/wp\/v2\/media?parent=2894"}],"curies":[{"name":"wp","href":"https:\/\/api.w.org\/{rel}","templated":true}]}}